ided by 29.
27
Calculate the remainder when 16 is divided by 6.
4
Calculate the remainder when 169 is divided by 23.
8
Calculate the remainder when 87 is divided by 2.
1
What is the remainder when 265 is divided by 66?
1
Calculate the remainder when 6140 is divided by 3068.
4
Calculate the remainder when 97 is divided by 52.
45
Calculate the remainder when 297 is divided by 23.
21
What is the remainder when 324 is divided by 85?
69
Calculate the remainder when 148 is divided by 65.
18
What is the remainder when 28 is divided by 15?
13
What is the remainder when 305 is divided by 13?
6
Calculate the remainder when 139 is divided by 16.
11
What is the remainder when 271 is divided by 35?
26
Calculate the remainder when 1189 is divided by 85.
84
Calculate the remainder when 1403 is divided by 700.
3
Calculate the remainder when 2080 is divided by 110.
100
Calculate the remainder when 470 is divided by 31.
5
Calculate the remainder when 349 is divided by 11.
8
Calculate the remainder when 372 is divided by 167.
38
Calculate the remainder when 46 is divided by 30.
16
Calculate the remainder when 161 is divided by 10.
1
What is the remainder when 471 is divided by 108?
39
What is the remainder when 860 is divided by 212?
12
What is the remainder when 541 is divided by 17?
14
What is the remainder when 129 is divided by 35?
24
What is the remainder when 382 is divided by 145?
92
Calculate the remainder when 581 is divided by 74.
63
Calculate the remainder when 27 is divided by 13.
1
What is the remainder when 797 is divided by 114?
113
What is the remainder when 5263 is divided by 750?
13
Calculate the remainder when 168 is divided by 53.
9
Calculate the remainder when 1767 is divided by 249.
24
What is the remainder when 99 is divided by 24?
3
Calculate the remainder when 158 is divided by 80.
78
What is the remainder when 846 is divided by 282?
0
Calculate the remainder when 276 is divided by 20.
16
Calculate the remainder when 79 is divided by 67.
12
Calculate the remainder when 298 is divided by 4.
2
What is the remainder when 388 is divided by 78?
76
What is the remainder when 230 is divided by 30?
20
Calculate the remainder when 927 is divided by 121.
80
Calculate the remainder when 229 is divided by 21.
19
What is the remainder when 1167 is divided by 381?
24
Calculate the remainder when 255 is divided by 136.
119
Calculate the remainder when 10808 is divided by 115.
113
Calculate the remainder when 120 is divided by 45.
30
Calculate the remainder when 3078 is divided by 204.
18
Calculate the remainder when 263 is divided by 66.
65
What is the remainder when 2077 is divided by 65?
62
What is the remainder when 9794 is divided by 101?
98
Calculate the remainder when 492 is divided by 19.
17
Calculate the remainder when 169 is divided by 23.
8
What is the remainder when 8063 is divided by 56?
55
What is the remainder when 46370 is divided by 13?
12
Calculate the remainder when 3345 is divided by 667.
10
What is the remainder when 226 is divided by 54?
10
What is the remainder when 2113 is divided by 45?
43
Calculate the remainder when 1012 is divided by 94.
72
What is the remainder when 315 is divided by 102?
9
What is the remainder when 1588 is divided by 264?
4
What is the remainder when 2122 is divided by 133?
127
Calculate the remainder when 50 is divided by 21.
8
What is the remainder when 3738 is divided by 87?
84
Calculate the remainder when 2622 is divided by 92.
46
What is the remainder when 1111 is divided by 26?
19
What is the remainder when 1672 is divided by 21?
13
What is the remainder when 275 is divided by 9?
5
What is the remainder when 895 is divided by 58?
25
What is the remainder when 53 is divided by 18?
17
Calculate the remainder when 206 is divided by 42.
38
What is the remainder when 4648 is divided by 33?
28
Calculate the remainder when 933 is divided by 306.
15
Calculate the remainder when 1375 is divided by 448.
31
Calculate the remainder when 253 is divided by 90.
73
Calculate the remainder when 386 is divided by 39.
35
Calculate the remainder when 251 is divided by 21.
20
What is the remainder when 360 is divided by 33?
30
Calculate the remainder when 918 is divided by 287.
57
What is the remainder when 253 is divided by 16?
13
Calculate the remainder when 1631 is divided by 38.
35
What is the remainder when 267 is divided by 27?
24
What is the remainder when 3794 is divided by 73?
71
What is the remainder when 158 is divided by 23?
20
What is the remainder when 1272 is divided by 14?
12
What is the remainder when 275 is divided by 86?
17
Calculate the remainder when 1898 is divided by 944.
10
What is the remainder when 996 is divided by 32?
4
What is the remainder when 1091 is divided by 125?
91
What is the remainder when 666 is divided by 165?
6
What is the remainder when 2178 is divided by 85?
53
Calculate the remainder when 137 is divided by 34.
1
Calculate the remainder when 1887 is divided by 18.
15
Calculate the remainder when 54 is divided by 16.
6
What is the remainder when 173 is divided by 6?
5
Calculate the remainder when 6808 is divided by 8.
0
Calculate the remainder when 440 is divided by 27.
8
What is the remainder when 313 is divided by 53?
48
What is the remainder when 543 is divided by 170?
33
What is the remainder when 84 is divided by 38?
8
What is the remainder when 151 is divided by 50?
1
Calculate the remainder when 1726 is divided by 133.
130
What is the remainder when 14 is divided by 5?
4
What is the remainder when 5366 is divided by 64?
54
What is the remainder when 427 is divided by 411?
16
Calculate the remainder when 147 is divided by 32.
19
What is the remainder when 839 is divided by 276?
11
What is the remainder when 4383 is divided by 34?
31
What is the remainder when 102 is divided by 5?
2
Calculate the remainder when 428 is divided by 108.
104
What is the remainder when 300 is divided by 76?
72
Calculate the remainder when 806 is divided by 90.
86
What is the remainder when 148 is divided by 23?
10
What is the remainder when 976 is divided by 192?
16
What is the remainder when 6603 is divided by 56?
51
What is the remainder when 571 is divided by 221?
129
Calculate the remainder when 10107 is divided by 10.
7
Calculate the remainder when 1284 is divided by 143.
140
Calculate the remainder when 1442 is divided by 76.
74
What is the remainder when 31 is divided by 23?
8
What is the remainder when 4755 is divided by 82?
81
Calculate the remainder when 1612 is divided by 95.
92
What is the remainder when 3337 is divided by 63?
61
Calculate the remainder when 841 is divided by 47.
42
Calculate the remainder when 13117 is divided by 164.
161
Calculate the remainder when 106 is divided by 28.
22
What is the remainder when 314 is divided by 45?
44
Calculate the remainder when 393 is divided by 87.
45
What is the remainder when 383 is divided by 4?
3
Calculate the remainder when 231 is divided by 28.
7
Calculate the remainder when 856 is divided by 66.
64
What is the remainder when 459 is divided by 31?
25
Calculate the remainder when 718 is divided by 36.
34
What is the remainder when 470 is divided by 8?
6
What is the remainder when 175 is divided by 93?
82
What is the remainder when 12612 is divided by 435?
432
What is the remainder when 7976 is divided by 140?
136
What is the remainder when 372 is divided by 58?
24
Calculate the remainder when 1058 is divided by 10.
8
Calculate the remainder when 355 is divided by 21.
19
What is the remainder when 110 is divided by 82?
28
What is the remainder when 370 is divided by 122?
4
What is the remainder when 236 is divided by 167?
69
What is the remainder when 151 is divided by 85?
66
Calculate the remainder when 872 is divided by 36.
8
Calculate the remainder when 527 is divided by 43.
11
Calculate the remainder when 5679 is divided by 10.
9
What is the remainder when 355 is divided by 9?
4
What is the remainder when 72 is divided by 27?
18
Calculate the remainder when 372 is divided by 22.
20
Calculate the remainder when 779 is divided by 12.
11
Calculate the remainder when 1030 is divided by 45.
40
What is the remainder when 3691 is divided by 33?
28
Calculate the remainder when 428 is divided by 365.
63
What is the remainder when 618 i